{"id":1289,"date":"2021-04-06T13:31:14","date_gmt":"2021-04-06T12:31:14","guid":{"rendered":"https:\/\/www.colegiopedrojrubio.es\/?page_id=1289"},"modified":"2023-09-14T20:53:38","modified_gmt":"2023-09-14T19:53:38","slug":"leer-juntos","status":"publish","type":"page","link":"https:\/\/www.colegiopedrojrubio.es\/index.php\/leer-juntos\/","title":{"rendered":"Leer juntos"},"content":{"rendered":"\n<p>Leer Juntos es un proyecto institucional, que promueve actividades de lectura dirigidas a las familias. Desde hace dos cursos escolares y debido a la realidad de nuestro centro, se decidi\u00f3 dar un giro al proyecto para cohesionar actividades de lectura entre alumnado, familias y profesorado, incluyendo dicho proyecto en el desarrollo de tem\u00e1ticas trabajadas desde el ADC y los diferentes proyectos de innovaci\u00f3n del centro. As\u00ed pues, las tem\u00e1ticas hasta ahora han sido variadas, <em>\u201cEmociones son colores\u201d,<\/em> <em>\u201cLa igualdad de g\u00e9nero tambi\u00e9n se lee\u201d<\/em>, <em>\u201cMarat\u00f3n de cuentos por la igualdad\u201d, \u201cDiversidad e Inclusi\u00f3n\u201d<\/em> entre otros\u2026<\/p>\n\n\n\n<p>Cada curso escolar se desarrolla dicho proyecto participando todo el alumnado del centro, el profesorado y las familias que lo desean.<\/p>\n\n\n\n<p><a href=\"http:\/\/colegiopedrojrubio.es\/periodico\/\" target=\"_blank\" rel=\"noreferrer noopener\">++ Info en el peri\u00f3dico escolar del centro<\/a>.<\/p>\n","protected":false},"excerpt":{"rendered":"<p>Leer Juntos es un proyecto institucional, que promueve actividades de lectura dirigidas a las familias. Desde hace dos cursos escolares y debido a la realidad de nuestro centro, se decidi\u00f3 dar un giro al proyecto para cohesionar actividades de lectura&#8230;<\/p>\n","protected":false},"author":1,"featured_media":0,"parent":0,"menu_order":0,"comment_status":"closed","ping_status":"closed","template":"","meta":[],"_links":{"self":[{"href":"https:\/\/www.colegiopedrojrubio.es\/index.php\/wp-json\/wp\/v2\/pages\/1289"}],"collection":[{"href":"https:\/\/www.colegiopedrojrubio.es\/index.php\/wp-json\/wp\/v2\/pages"}],"about":[{"href":"https:\/\/www.colegiopedrojrubio.es\/index.php\/wp-json\/wp\/v2\/types\/page"}],"author":[{"embeddable":true,"href":"https:\/\/www.colegiopedrojrubio.es\/index.php\/wp-json\/wp\/v2\/users\/1"}],"replies":[{"embeddable":true,"href":"https:\/\/www.colegiopedrojrubio.es\/index.php\/wp-json\/wp\/v2\/comments?post=1289"}],"version-history":[{"count":1,"href":"https:\/\/www.colegiopedrojrubio.es\/index.php\/wp-json\/wp\/v2\/pages\/1289\/revisions"}],"predecessor-version":[{"id":1290,"href":"https:\/\/www.colegiopedrojrubio.es\/index.php\/wp-json\/wp\/v2\/pages\/1289\/revisions\/1290"}],"wp:attachment":[{"href":"https:\/\/www.colegiopedrojrubio.es\/index.php\/wp-json\/wp\/v2\/media?parent=1289"}],"curies":[{"name":"wp","href":"https:\/\/api.w.org\/{rel}","templated":true}]}}