{"id":1297,"date":"2021-04-12T09:29:41","date_gmt":"2021-04-12T08:29:41","guid":{"rendered":"https:\/\/www.colegiopedrojrubio.es\/?page_id=1297"},"modified":"2023-09-14T20:54:13","modified_gmt":"2023-09-14T19:54:13","slug":"huerto-escolar","status":"publish","type":"page","link":"https:\/\/www.colegiopedrojrubio.es\/index.php\/huerto-escolar\/","title":{"rendered":"Huerto escolar"},"content":{"rendered":"\n<p>Es un proyecto de centro que enriquece aspectos curriculares en \u00e1reas directamente relacionadas como ciencias naturales, pues los huertos constituyen laboratorios vivos en los que observar y experimentar sobre los componentes y procesos, por lo que complementan a nivel pr\u00e1ctico los contenidos te\u00f3ricos de dichas \u00e1reas. Adem\u00e1s, fomenta el trabajo colaborativo, el cuidado del medio ambiente y del ecosistema y refuerza valores como la constancia o el esfuerzo.<\/p>\n\n\n\n<p>En el huerto encontramos desde hortalizas, frutas a plantas arom\u00e1ticas, debidamente se\u00f1alizadas con la etiqueta correspondiente. Se realizan cuidados dirigidos por el profesorado encargado del mismo y la colaboraci\u00f3n y visita del alumnado, tanto de las aulas de primaria como de las aulas de infantil.<\/p>\n\n\n\n<iframe loading=\"lazy\" width=\"760px\" height=\"500px\" src=\"https:\/\/sway.office.com\/s\/By28C6eFFnLCJJ1D\/embed\" frameborder=\"0\" marginheight=\"0\" marginwidth=\"0\" max-width=\"100%\" sandbox=\"allow-forms allow-modals allow-orientation-lock allow-popups allow-same-origin allow-scripts\" scrolling=\"no\" style=\"border: none; max-width: 100%; max-height: 100vh\" allowfullscreen=\"\" mozallowfullscreen=\"\" msallowfullscreen=\"\" webkitallowfullscreen=\"\"><\/iframe>\n\n\n\n<p><\/p>\n","protected":false},"excerpt":{"rendered":"<p>Es un proyecto de centro que enriquece aspectos curriculares en \u00e1reas directamente relacionadas como ciencias naturales, pues los huertos constituyen laboratorios vivos en los que observar y experimentar sobre los componentes y procesos, por lo que complementan a nivel pr\u00e1ctico&#8230;<\/p>\n","protected":false},"author":1,"featured_media":0,"parent":0,"menu_order":0,"comment_status":"closed","ping_status":"closed","template":"","meta":[],"_links":{"self":[{"href":"https:\/\/www.colegiopedrojrubio.es\/index.php\/wp-json\/wp\/v2\/pages\/1297"}],"collection":[{"href":"https:\/\/www.colegiopedrojrubio.es\/index.php\/wp-json\/wp\/v2\/pages"}],"about":[{"href":"https:\/\/www.colegiopedrojrubio.es\/index.php\/wp-json\/wp\/v2\/types\/page"}],"author":[{"embeddable":true,"href":"https:\/\/www.colegiopedrojrubio.es\/index.php\/wp-json\/wp\/v2\/users\/1"}],"replies":[{"embeddable":true,"href":"https:\/\/www.colegiopedrojrubio.es\/index.php\/wp-json\/wp\/v2\/comments?post=1297"}],"version-history":[{"count":3,"href":"https:\/\/www.colegiopedrojrubio.es\/index.php\/wp-json\/wp\/v2\/pages\/1297\/revisions"}],"predecessor-version":[{"id":2012,"href":"https:\/\/www.colegiopedrojrubio.es\/index.php\/wp-json\/wp\/v2\/pages\/1297\/revisions\/2012"}],"wp:attachment":[{"href":"https:\/\/www.colegiopedrojrubio.es\/index.php\/wp-json\/wp\/v2\/media?parent=1297"}],"curies":[{"name":"wp","href":"https:\/\/api.w.org\/{rel}","templated":true}]}}